{"id":665031,"date":"2023-09-08T23:19:00","date_gmt":"2023-09-08T21:19:00","guid":{"rendered":"https:\/\/sme-d.se\/?post_type=document&#038;p=665031"},"modified":"2025-04-15T23:20:01","modified_gmt":"2025-04-15T21:20:01","slug":"yttrande-avseende-promemorian-sveriges-tilltrade-till-vissa-natoavtal","status":"publish","type":"document","link":"https:\/\/sme-d.se\/en\/dokument\/yttrande-avseende-promemorian-sveriges-tilltrade-till-vissa-natoavtal\/","title":{"rendered":"Statement regarding \u201dMemorandum on Sweden\u2019s accession to certain NATO agreements\u201d"},"content":{"rendered":"<p>(Ds 2023:22), Registry number F\u00f62023\/01260\u201d<\/p>","protected":false},"excerpt":{"rendered":"<p>(Ds 2023:22), Registry number F\u00f62023\/01260\u201d<\/p>","protected":false},"template":"","meta":{"footnotes":""},"categories":[18],"class_list":["post-665031","document","type-document","status-publish","hentry","category-remissvar"],"acf":[],"yoast_head":"<!-- This site is optimized with the Yoast SEO plugin v27.5 - https:\/\/yoast.com\/product\/yoast-seo-wordpress\/ -->\n<title>Yttrande avseende \u201d Promemorian Sveriges tilltr\u00e4de till vissa Natoavtal - SME-D<\/title>\n<meta name=\"robots\" content=\"index, follow, max-snippet:-1, max-image-preview:large, max-video-preview:-1\" \/>\n<link rel=\"canonical\" href=\"https:\/\/sme-d.se\/en\/dokument\/yttrande-avseende-promemorian-sveriges-tilltrade-till-vissa-natoavtal\/\" \/>\n<meta property=\"og:locale\" content=\"en_US\" \/>\n<meta property=\"og:type\" content=\"article\" \/>\n<meta property=\"og:title\" content=\"Yttrande avseende \u201d Promemorian Sveriges tilltr\u00e4de till vissa Natoavtal - SME-D\" \/>\n<meta property=\"og:description\" content=\"(Ds 2023:22), Diarienummer F\u00f62023\/01260\u201d\" \/>\n<meta property=\"og:url\" content=\"https:\/\/sme-d.se\/en\/dokument\/yttrande-avseende-promemorian-sveriges-tilltrade-till-vissa-natoavtal\/\" \/>\n<meta property=\"og:site_name\" content=\"SME-D\" \/>\n<meta property=\"article:modified_time\" content=\"2025-04-15T21:20:01+00:00\" \/>\n<meta name=\"twitter:card\" content=\"summary_large_image\" \/>\n<meta name=\"twitter:label1\" content=\"Est. reading time\" \/>\n\t<meta name=\"twitter:data1\" content=\"1 minute\" \/>\n<script type=\"application\/ld+json\" class=\"yoast-schema-graph\">{\"@context\":\"https:\\\/\\\/schema.org\",\"@graph\":[{\"@type\":\"WebPage\",\"@id\":\"https:\\\/\\\/sme-d.se\\\/dokument\\\/yttrande-avseende-promemorian-sveriges-tilltrade-till-vissa-natoavtal\\\/\",\"url\":\"https:\\\/\\\/sme-d.se\\\/dokument\\\/yttrande-avseende-promemorian-sveriges-tilltrade-till-vissa-natoavtal\\\/\",\"name\":\"Yttrande avseende \u201d Promemorian Sveriges tilltr\u00e4de till vissa Natoavtal - SME-D\",\"isPartOf\":{\"@id\":\"https:\\\/\\\/sme-d.se\\\/#website\"},\"datePublished\":\"2023-09-08T21:19:00+00:00\",\"dateModified\":\"2025-04-15T21:20:01+00:00\",\"breadcrumb\":{\"@id\":\"https:\\\/\\\/sme-d.se\\\/dokument\\\/yttrande-avseende-promemorian-sveriges-tilltrade-till-vissa-natoavtal\\\/#breadcrumb\"},\"inLanguage\":\"en-US\",\"potentialAction\":[{\"@type\":\"ReadAction\",\"target\":[\"https:\\\/\\\/sme-d.se\\\/dokument\\\/yttrande-avseende-promemorian-sveriges-tilltrade-till-vissa-natoavtal\\\/\"]}]},{\"@type\":\"BreadcrumbList\",\"@id\":\"https:\\\/\\\/sme-d.se\\\/dokument\\\/yttrande-avseende-promemorian-sveriges-tilltrade-till-vissa-natoavtal\\\/#breadcrumb\",\"itemListElement\":[{\"@type\":\"ListItem\",\"position\":1,\"name\":\"Home\",\"item\":\"https:\\\/\\\/sme-d.se\\\/\"},{\"@type\":\"ListItem\",\"position\":2,\"name\":\"Dokument\",\"item\":\"https:\\\/\\\/sme-d.se\\\/dokument\\\/\"},{\"@type\":\"ListItem\",\"position\":3,\"name\":\"Yttrande avseende \u201d Promemorian Sveriges tilltr\u00e4de till vissa Natoavtal\"}]},{\"@type\":\"WebSite\",\"@id\":\"https:\\\/\\\/sme-d.se\\\/#website\",\"url\":\"https:\\\/\\\/sme-d.se\\\/\",\"name\":\"SME-D\",\"description\":\"Branschorganisationen f\u00f6r sm\u00e5 och medelstora f\u00f6retag (SME) inom svensk f\u00f6rsvarssektor\",\"publisher\":{\"@id\":\"https:\\\/\\\/sme-d.se\\\/#organization\"},\"potentialAction\":[{\"@type\":\"SearchAction\",\"target\":{\"@type\":\"EntryPoint\",\"urlTemplate\":\"https:\\\/\\\/sme-d.se\\\/?s={search_term_string}\"},\"query-input\":{\"@type\":\"PropertyValueSpecification\",\"valueRequired\":true,\"valueName\":\"search_term_string\"}}],\"inLanguage\":\"en-US\"},{\"@type\":\"Organization\",\"@id\":\"https:\\\/\\\/sme-d.se\\\/#organization\",\"name\":\"SME-D\",\"url\":\"https:\\\/\\\/sme-d.se\\\/\",\"logo\":{\"@type\":\"ImageObject\",\"inLanguage\":\"en-US\",\"@id\":\"https:\\\/\\\/sme-d.se\\\/#\\\/schema\\\/logo\\\/image\\\/\",\"url\":\"https:\\\/\\\/sme-d.se\\\/wp-content\\\/uploads\\\/2023\\\/12\\\/SME-logga-ny2-1.png\",\"contentUrl\":\"https:\\\/\\\/sme-d.se\\\/wp-content\\\/uploads\\\/2023\\\/12\\\/SME-logga-ny2-1.png\",\"width\":200,\"height\":58,\"caption\":\"SME-D\"},\"image\":{\"@id\":\"https:\\\/\\\/sme-d.se\\\/#\\\/schema\\\/logo\\\/image\\\/\"}}]}<\/script>\n<!-- \/ Yoast SEO plugin. -->","yoast_head_json":{"title":"Opinion regarding &quot;Memorandum on Sweden&#039;s accession to certain NATO agreements - SME-D&quot;","robots":{"index":"index","follow":"follow","max-snippet":"max-snippet:-1","max-image-preview":"max-image-preview:large","max-video-preview":"max-video-preview:-1"},"canonical":"https:\/\/sme-d.se\/en\/dokument\/yttrande-avseende-promemorian-sveriges-tilltrade-till-vissa-natoavtal\/","og_locale":"en_US","og_type":"article","og_title":"Yttrande avseende \u201d Promemorian Sveriges tilltr\u00e4de till vissa Natoavtal - SME-D","og_description":"(Ds 2023:22), Diarienummer F\u00f62023\/01260\u201d","og_url":"https:\/\/sme-d.se\/en\/dokument\/yttrande-avseende-promemorian-sveriges-tilltrade-till-vissa-natoavtal\/","og_site_name":"SME-D","article_modified_time":"2025-04-15T21:20:01+00:00","twitter_card":"summary_large_image","twitter_misc":{"Est. reading time":"1 minute"},"schema":{"@context":"https:\/\/schema.org","@graph":[{"@type":"WebPage","@id":"https:\/\/sme-d.se\/dokument\/yttrande-avseende-promemorian-sveriges-tilltrade-till-vissa-natoavtal\/","url":"https:\/\/sme-d.se\/dokument\/yttrande-avseende-promemorian-sveriges-tilltrade-till-vissa-natoavtal\/","name":"Opinion regarding &quot;Memorandum on Sweden&#039;s accession to certain NATO agreements - SME-D&quot;","isPartOf":{"@id":"https:\/\/sme-d.se\/#website"},"datePublished":"2023-09-08T21:19:00+00:00","dateModified":"2025-04-15T21:20:01+00:00","breadcrumb":{"@id":"https:\/\/sme-d.se\/dokument\/yttrande-avseende-promemorian-sveriges-tilltrade-till-vissa-natoavtal\/#breadcrumb"},"inLanguage":"en-US","potentialAction":[{"@type":"ReadAction","target":["https:\/\/sme-d.se\/dokument\/yttrande-avseende-promemorian-sveriges-tilltrade-till-vissa-natoavtal\/"]}]},{"@type":"BreadcrumbList","@id":"https:\/\/sme-d.se\/dokument\/yttrande-avseende-promemorian-sveriges-tilltrade-till-vissa-natoavtal\/#breadcrumb","itemListElement":[{"@type":"ListItem","position":1,"name":"Home","item":"https:\/\/sme-d.se\/"},{"@type":"ListItem","position":2,"name":"Dokument","item":"https:\/\/sme-d.se\/dokument\/"},{"@type":"ListItem","position":3,"name":"Yttrande avseende \u201d Promemorian Sveriges tilltr\u00e4de till vissa Natoavtal"}]},{"@type":"WebSite","@id":"https:\/\/sme-d.se\/#website","url":"https:\/\/sme-d.se\/","name":"SMITH","description":"The industry association for small and medium-sized enterprises (SMEs) in the Swedish defense sector","publisher":{"@id":"https:\/\/sme-d.se\/#organization"},"potentialAction":[{"@type":"SearchAction","target":{"@type":"EntryPoint","urlTemplate":"https:\/\/sme-d.se\/?s={search_term_string}"},"query-input":{"@type":"PropertyValueSpecification","valueRequired":true,"valueName":"search_term_string"}}],"inLanguage":"en-US"},{"@type":"Organization","@id":"https:\/\/sme-d.se\/#organization","name":"SMITH","url":"https:\/\/sme-d.se\/","logo":{"@type":"ImageObject","inLanguage":"en-US","@id":"https:\/\/sme-d.se\/#\/schema\/logo\/image\/","url":"https:\/\/sme-d.se\/wp-content\/uploads\/2023\/12\/SME-logga-ny2-1.png","contentUrl":"https:\/\/sme-d.se\/wp-content\/uploads\/2023\/12\/SME-logga-ny2-1.png","width":200,"height":58,"caption":"SME-D"},"image":{"@id":"https:\/\/sme-d.se\/#\/schema\/logo\/image\/"}}]}},"_links":{"self":[{"href":"https:\/\/sme-d.se\/en\/wp-json\/wp\/v2\/document\/665031","targetHints":{"allow":["GET"]}}],"collection":[{"href":"https:\/\/sme-d.se\/en\/wp-json\/wp\/v2\/document"}],"about":[{"href":"https:\/\/sme-d.se\/en\/wp-json\/wp\/v2\/types\/document"}],"version-history":[{"count":3,"href":"https:\/\/sme-d.se\/en\/wp-json\/wp\/v2\/document\/665031\/revisions"}],"predecessor-version":[{"id":665035,"href":"https:\/\/sme-d.se\/en\/wp-json\/wp\/v2\/document\/665031\/revisions\/665035"}],"wp:attachment":[{"href":"https:\/\/sme-d.se\/en\/wp-json\/wp\/v2\/media?parent=665031"}],"wp:term":[{"taxonomy":"category","embeddable":true,"href":"https:\/\/sme-d.se\/en\/wp-json\/wp\/v2\/categories?post=665031"}],"curies":[{"name":"wp","href":"https:\/\/api.w.org\/{rel}","templated":true}]}}

<p>(Ds 2023:22), Registry number Fö2023/01260”</p>

<!-- This site is optimized with the Yoast SEO plugin v27.5 - https://yoast.com/product/yoast-seo-wordpress/ -->
<title>Yttrande avseende ” Promemorian Sveriges tillträde till vissa Natoavtal - SME-D</title>
<meta name="robots" content="index, follow, max-snippet:-1, max-image-preview:large, max-video-preview:-1" />
<link rel="canonical" href="https://sme-d.se/en/dokument/yttrande-avseende-promemorian-sveriges-tilltrade-till-vissa-natoavtal/" />
<meta property="og:locale" content="en_US" />
<meta property="og:type" content="article" />
<meta property="og:title" content="Yttrande avseende ” Promemorian Sveriges tillträde till vissa Natoavtal - SME-D" />
<meta property="og:description" content="(Ds 2023:22), Diarienummer Fö2023/01260”" />
<meta property="og:url" content="https://sme-d.se/en/dokument/yttrande-avseende-promemorian-sveriges-tilltrade-till-vissa-natoavtal/" />
<meta property="og:site_name" content="SME-D" />
<meta property="article:modified_time" content="2025-04-15T21:20:01+00:00" />
<meta name="twitter:card" content="summary_large_image" />
<meta name="twitter:label1" content="Est. reading time" />
	<meta name="twitter:data1" content="1 minute" />
<script type="application/ld+json" class="yoast-schema-graph">{"@context":"https:\/\/schema.org","@graph":[{"@type":"WebPage","@id":"https:\/\/sme-d.se\/dokument\/yttrande-avseende-promemorian-sveriges-tilltrade-till-vissa-natoavtal\/","url":"https:\/\/sme-d.se\/dokument\/yttrande-avseende-promemorian-sveriges-tilltrade-till-vissa-natoavtal\/","name":"Yttrande avseende ” Promemorian Sveriges tillträde till vissa Natoavtal - SME-D","isPartOf":{"@id":"https:\/\/sme-d.se\/#website"},"datePublished":"2023-09-08T21:19:00+00:00","dateModified":"2025-04-15T21:20:01+00:00","breadcrumb":{"@id":"https:\/\/sme-d.se\/dokument\/yttrande-avseende-promemorian-sveriges-tilltrade-till-vissa-natoavtal\/#breadcrumb"},"inLanguage":"en-US","potentialAction":[{"@type":"ReadAction","target":["https:\/\/sme-d.se\/dokument\/yttrande-avseende-promemorian-sveriges-tilltrade-till-vissa-natoavtal\/"]}]},{"@type":"BreadcrumbList","@id":"https:\/\/sme-d.se\/dokument\/yttrande-avseende-promemorian-sveriges-tilltrade-till-vissa-natoavtal\/#breadcrumb","itemListElement":[{"@type":"ListItem","position":1,"name":"Home","item":"https:\/\/sme-d.se\/"},{"@type":"ListItem","position":2,"name":"Dokument","item":"https:\/\/sme-d.se\/dokument\/"},{"@type":"ListItem","position":3,"name":"Yttrande avseende ” Promemorian Sveriges tillträde till vissa Natoavtal"}]},{"@type":"WebSite","@id":"https:\/\/sme-d.se\/#website","url":"https:\/\/sme-d.se\/","name":"SME-D","description":"Branschorganisationen för små och medelstora företag (SME) inom svensk försvarssektor","publisher":{"@id":"https:\/\/sme-d.se\/#organization"},"potentialAction":[{"@type":"SearchAction","target":{"@type":"EntryPoint","urlTemplate":"https:\/\/sme-d.se\/?s={search_term_string}"},"query-input":{"@type":"PropertyValueSpecification","valueRequired":true,"valueName":"search_term_string"}}],"inLanguage":"en-US"},{"@type":"Organization","@id":"https:\/\/sme-d.se\/#organization","name":"SME-D","url":"https:\/\/sme-d.se\/","logo":{"@type":"ImageObject","inLanguage":"en-US","@id":"https:\/\/sme-d.se\/#\/schema\/logo\/image\/","url":"https:\/\/sme-d.se\/wp-content\/uploads\/2023\/12\/SME-logga-ny2-1.png","contentUrl":"https:\/\/sme-d.se\/wp-content\/uploads\/2023\/12\/SME-logga-ny2-1.png","width":200,"height":58,"caption":"SME-D"},"image":{"@id":"https:\/\/sme-d.se\/#\/schema\/logo\/image\/"}}]}</script>
<!-- / Yoast SEO plugin. -->

Yttrande avseende ” Promemorian Sveriges tillträde till vissa Natoavtal - SME-D

(Ds 2023:22), Diarienummer Fö2023/01260”

Yttrande avseende ” Promemorian Sveriges tillträde till vissa Natoavtal
