{"version":"1.0","provider_name":"SMITH","provider_url":"https:\/\/sme-d.se\/en","author_name":"hamid.ershad@tebab.com","author_url":"https:\/\/sme-d.se\/en\/author\/hamid-ershadtebab-com\/","title":"SME-D:s v\u00e5rm\u00f6te 2025: Fokus p\u00e5 f\u00f6rsvarssektorn, kapitalmarknad och exportst\u00f6d - SME-D","type":"rich","width":600,"height":338,"html":"<blockquote class=\"wp-embedded-content\" data-secret=\"7qcFjYoRMf\"><a href=\"https:\/\/sme-d.se\/en\/2025\/05\/varmote-och-natverkstraff-med-sme-d\/\">SME-D&#039;s spring meeting 2025: Focus on the defense sector, capital markets and export support<\/a><\/blockquote><iframe sandbox=\"allow-scripts\" security=\"restricted\" src=\"https:\/\/sme-d.se\/en\/2025\/05\/varmote-och-natverkstraff-med-sme-d\/embed\/#?secret=7qcFjYoRMf\" width=\"600\" height=\"338\" title=\"\u201cSME-D&#039;s Spring Meeting 2025: Focus on the Defense Sector, Capital Markets and Export Support\u201d \u2014 SME-D\" data-secret=\"7qcFjYoRMf\" frameborder=\"0\" marginwidth=\"0\" marginheight=\"0\" scrolling=\"no\" class=\"wp-embedded-content\"><\/iframe><script type=\"text\/javascript\">\n\/* <![CDATA[ *\/\n\/*! This file is auto-generated *\/\n!function(d,l){\"use strict\";l.querySelector&&d.addEventListener&&\"undefined\"!=typeof URL&&(d.wp=d.wp||{},d.wp.receiveEmbedMessage||(d.wp.receiveEmbedMessage=function(e){var t=e.data;if((t||t.secret||t.message||t.value)&&!\/[^a-zA-Z0-9]\/.test(t.secret)){for(var s,r,n,a=l.querySelectorAll('iframe[data-secret=\"'+t.secret+'\"]'),o=l.querySelectorAll('blockquote[data-secret=\"'+t.secret+'\"]'),c=new RegExp(\"^https?:$\",\"i\"),i=0;i<o.length;i++)o[i].style.display=\"none\";for(i=0;i<a.length;i++)s=a[i],e.source===s.contentWindow&&(s.removeAttribute(\"style\"),\"height\"===t.message?(1e3<(r=parseInt(t.value,10))?r=1e3:~~r<200&&(r=200),s.height=r):\"link\"===t.message&&(r=new URL(s.getAttribute(\"src\")),n=new URL(t.value),c.test(n.protocol))&&n.host===r.host&&l.activeElement===s&&(d.top.location.href=t.value))}},d.addEventListener(\"message\",d.wp.receiveEmbedMessage,!1),l.addEventListener(\"DOMContentLoaded\",function(){for(var e,t,s=l.querySelectorAll(\"iframe.wp-embedded-content\"),r=0;r<s.length;r++)(t=(e=s[r]).getAttribute(\"data-secret\"))||(t=Math.random().toString(36).substring(2,12),e.src+=\"#?secret=\"+t,e.setAttribute(\"data-secret\",t)),e.contentWindow.postMessage({message:\"ready\",secret:t},\"*\")},!1)))}(window,document);\n\/\/# sourceURL=https:\/\/sme-d.se\/wp-includes\/js\/wp-embed.min.js\n\/* ]]> *\/\n<\/script>","thumbnail_url":"https:\/\/sme-d.se\/wp-content\/uploads\/2025\/05\/BRG_0083-scaled.jpg","thumbnail_width":2560,"thumbnail_height":1707,"description":"Starkt deltagande n\u00e4r SME-f\u00f6retag samlades f\u00f6r v\u00e5rm\u00f6te i Stockholm SME-D:s v\u00e5rm\u00f6te den 21 maj 2025 samlade svenska SME-f\u00f6retag inom f\u00f6rsvar och s\u00e4kerhet till en heldag fylld med aff\u00e4rer, analyser och n\u00e4tverkande. Juridik och aff\u00e4rer med FMV \u2013 konkreta r\u00e5d till f\u00f6rsvarssektorns leverant\u00f6rer Dagen inleddes med en fallstudie om&nbsp;LUFS och LSS Mark&nbsp;av jurister fr\u00e5n Uppkraft, f\u00f6ljt [&hellip;]"}

SME-D:s vårmöte 2025: Fokus på försvarssektorn, kapitalmarknad och exportstöd - SME-D

Starkt deltagande när SME-företag samlades för vårmöte i Stockholm SME-D:s vårmöte den 21 maj 2025 samlade svenska SME-företag inom försvar och säkerhet till en heldag fylld med affärer, analyser och nätverkande. Juridik och affärer med FMV – konkreta råd till försvarssektorns leverantörer Dagen inleddes med en fallstudie om&nbsp;LUFS och LSS Mark&nbsp;av jurister från Uppkraft, följt [&hellip;]
