{"version":"1.0","provider_name":"SMITH","provider_url":"https:\/\/sme-d.se\/en","author_name":"hamid.ershad@tebab.com","author_url":"https:\/\/sme-d.se\/en\/author\/hamid-ershadtebab-com\/","title":"Anm\u00e4lan har \u00f6ppnat till \u00e5rets f\u00f6rdjupningsseminarier - SME-D","type":"rich","width":600,"height":338,"html":"<blockquote class=\"wp-embedded-content\" data-secret=\"guHniTGLEs\"><a href=\"https:\/\/sme-d.se\/en\/2024\/03\/anmalan-har-oppnat-till-arets-fordjupningsseminarier\/\">Registration is now open for this year&#039;s in-depth seminars.<\/a><\/blockquote><iframe sandbox=\"allow-scripts\" security=\"restricted\" src=\"https:\/\/sme-d.se\/en\/2024\/03\/anmalan-har-oppnat-till-arets-fordjupningsseminarier\/embed\/#?secret=guHniTGLEs\" width=\"600\" height=\"338\" title=\"\u201cRegistration has opened for this year&#039;s in-depth seminars\u201d \u2014 SME-D\" data-secret=\"guHniTGLEs\" frameborder=\"0\" marginwidth=\"0\" marginheight=\"0\" scrolling=\"no\" class=\"wp-embedded-content\"><\/iframe><script type=\"text\/javascript\">\n\/* <![CDATA[ *\/\n\/*! This file is auto-generated *\/\n!function(d,l){\"use strict\";l.querySelector&&d.addEventListener&&\"undefined\"!=typeof URL&&(d.wp=d.wp||{},d.wp.receiveEmbedMessage||(d.wp.receiveEmbedMessage=function(e){var t=e.data;if((t||t.secret||t.message||t.value)&&!\/[^a-zA-Z0-9]\/.test(t.secret)){for(var s,r,n,a=l.querySelectorAll('iframe[data-secret=\"'+t.secret+'\"]'),o=l.querySelectorAll('blockquote[data-secret=\"'+t.secret+'\"]'),c=new RegExp(\"^https?:$\",\"i\"),i=0;i<o.length;i++)o[i].style.display=\"none\";for(i=0;i<a.length;i++)s=a[i],e.source===s.contentWindow&&(s.removeAttribute(\"style\"),\"height\"===t.message?(1e3<(r=parseInt(t.value,10))?r=1e3:~~r<200&&(r=200),s.height=r):\"link\"===t.message&&(r=new URL(s.getAttribute(\"src\")),n=new URL(t.value),c.test(n.protocol))&&n.host===r.host&&l.activeElement===s&&(d.top.location.href=t.value))}},d.addEventListener(\"message\",d.wp.receiveEmbedMessage,!1),l.addEventListener(\"DOMContentLoaded\",function(){for(var e,t,s=l.querySelectorAll(\"iframe.wp-embedded-content\"),r=0;r<s.length;r++)(t=(e=s[r]).getAttribute(\"data-secret\"))||(t=Math.random().toString(36).substring(2,12),e.src+=\"#?secret=\"+t,e.setAttribute(\"data-secret\",t)),e.contentWindow.postMessage({message:\"ready\",secret:t},\"*\")},!1)))}(window,document);\n\/\/# sourceURL=https:\/\/sme-d.se\/wp-includes\/js\/wp-embed.min.js\n\/* ]]> *\/\n<\/script>","thumbnail_url":"https:\/\/sme-d.se\/wp-content\/uploads\/2024\/03\/fordjupning-2024-utvald-bild-3_w_1440_h_1080.jpg","thumbnail_width":1440,"thumbnail_height":810,"description":"Nu har anm\u00e4lan till \u00e5rets f\u00f6rdjupningsseminarier \u00f6ppnat. Seminarierna str\u00e4cker sig mellan 15 till 17 april och kommer ber\u00f6ra bl.a. befintlig och kommande behovsplanering. Vill du vara med? Passa p\u00e5 att anm\u00e4la dig idag!\u00a0 15 april Kl. 09:00-13:00 F\u00f6rsvars- och tj\u00e4nsteupphandlingar (f.d. Kommersiellt och Tj\u00e4nst) Innovationsupphandlingar och h\u00e5llbarhetsfokus inom tj\u00e4nstesektornF\u00f6rdjupningsseminarium F\u00f6rsvars- och tj\u00e4nsteupphandlingar inleds med en [&hellip;]"}

Anmälan har öppnat till årets fördjupningsseminarier - SME-D

Nu har anmälan till årets fördjupningsseminarier öppnat. Seminarierna sträcker sig mellan 15 till 17 april och kommer beröra bl.a. befintlig och kommande behovsplanering. Vill du vara med? Passa på att anmäla dig idag!  15 april Kl. 09:00-13:00 Försvars- och tjänsteupphandlingar (f.d. Kommersiellt och Tjänst) Innovationsupphandlingar och hållbarhetsfokus inom tjänstesektornFördjupningsseminarium Försvars- och tjänsteupphandlingar inleds med en [&hellip;]
