{"version":"1.0","provider_name":"SMITH","provider_url":"https:\/\/sme-d.se\/en","author_name":"hamid.ershad@tebab.com","author_url":"https:\/\/sme-d.se\/en\/author\/hamid-ershadtebab-com\/","title":"Folk och F\u00f6rsvars rikskonferens 2024 - SME-D","type":"rich","width":600,"height":338,"html":"<blockquote class=\"wp-embedded-content\" data-secret=\"JYhtHvRYoV\"><a href=\"https:\/\/sme-d.se\/en\/2024\/01\/folk-och-forsvars-rikskonferens-2024\/\">People and Defense National Conference 2024<\/a><\/blockquote><iframe sandbox=\"allow-scripts\" security=\"restricted\" src=\"https:\/\/sme-d.se\/en\/2024\/01\/folk-och-forsvars-rikskonferens-2024\/embed\/#?secret=JYhtHvRYoV\" width=\"600\" height=\"338\" title=\"\u201cPeople and Defense National Conference 2024\u201d \u2014 SME-D\" data-secret=\"JYhtHvRYoV\" frameborder=\"0\" marginwidth=\"0\" marginheight=\"0\" scrolling=\"no\" class=\"wp-embedded-content\"><\/iframe><script type=\"text\/javascript\">\n\/* <![CDATA[ *\/\n\/*! This file is auto-generated *\/\n!function(d,l){\"use strict\";l.querySelector&&d.addEventListener&&\"undefined\"!=typeof URL&&(d.wp=d.wp||{},d.wp.receiveEmbedMessage||(d.wp.receiveEmbedMessage=function(e){var t=e.data;if((t||t.secret||t.message||t.value)&&!\/[^a-zA-Z0-9]\/.test(t.secret)){for(var s,r,n,a=l.querySelectorAll('iframe[data-secret=\"'+t.secret+'\"]'),o=l.querySelectorAll('blockquote[data-secret=\"'+t.secret+'\"]'),c=new RegExp(\"^https?:$\",\"i\"),i=0;i<o.length;i++)o[i].style.display=\"none\";for(i=0;i<a.length;i++)s=a[i],e.source===s.contentWindow&&(s.removeAttribute(\"style\"),\"height\"===t.message?(1e3<(r=parseInt(t.value,10))?r=1e3:~~r<200&&(r=200),s.height=r):\"link\"===t.message&&(r=new URL(s.getAttribute(\"src\")),n=new URL(t.value),c.test(n.protocol))&&n.host===r.host&&l.activeElement===s&&(d.top.location.href=t.value))}},d.addEventListener(\"message\",d.wp.receiveEmbedMessage,!1),l.addEventListener(\"DOMContentLoaded\",function(){for(var e,t,s=l.querySelectorAll(\"iframe.wp-embedded-content\"),r=0;r<s.length;r++)(t=(e=s[r]).getAttribute(\"data-secret\"))||(t=Math.random().toString(36).substring(2,12),e.src+=\"#?secret=\"+t,e.setAttribute(\"data-secret\",t)),e.contentWindow.postMessage({message:\"ready\",secret:t},\"*\")},!1)))}(window,document);\n\/\/# sourceURL=https:\/\/sme-d.se\/wp-includes\/js\/wp-embed.min.js\n\/* ]]> *\/\n<\/script>","thumbnail_url":"https:\/\/sme-d.se\/wp-content\/uploads\/2024\/01\/up25854.jpg","thumbnail_width":1000,"thumbnail_height":667,"description":"\u00c5rets konferens k\u00e4nnetecknades av en \u00f6kad tydlighet och samst\u00e4mmighet, d\u00e4r fokus l\u00e5g p\u00e5 aktuella s\u00e4kerhetsutmaningar och betydelsen av att utveckla Sveriges moderna totalf\u00f6rsvar. Dessutom presenterade f\u00f6rsvarsminister P\u00e5l Jonson och minister f\u00f6r civilt f\u00f6rsvar Carl-Oskar Bohlin flera nya satsningar. Representanter fr\u00e5n SME-d n\u00e4rvarade aktivt vid konferensen, vilket m\u00f6jliggjorde v\u00e4rdefulla dialoger med ledande beslutsfattare. Under dessa samtal [&hellip;]"}

Folk och Försvars rikskonferens 2024 - SME-D

Årets konferens kännetecknades av en ökad tydlighet och samstämmighet, där fokus låg på aktuella säkerhetsutmaningar och betydelsen av att utveckla Sveriges moderna totalförsvar. Dessutom presenterade försvarsminister Pål Jonson och minister för civilt försvar Carl-Oskar Bohlin flera nya satsningar. Representanter från SME-d närvarade aktivt vid konferensen, vilket möjliggjorde värdefulla dialoger med ledande beslutsfattare. Under dessa samtal [&hellip;]
