{"version":"1.0","provider_name":"SMITH","provider_url":"https:\/\/sme-d.se\/en","author_name":"hamid.ershad@tebab.com","author_url":"https:\/\/sme-d.se\/en\/author\/hamid-ershadtebab-com\/","title":"M\u00f6jlighet att exponeras p\u00e5 Tj\u00e4nstef\u00f6rsvarsdagen 2022! - SME-D","type":"rich","width":600,"height":338,"html":"<blockquote class=\"wp-embedded-content\" data-secret=\"F0Xh2wuAD4\"><a href=\"https:\/\/sme-d.se\/en\/2022\/06\/mojlighet-att-exponeras-pa-tjansteforsvarsdagen-2022\/\">Opportunity to be exposed on Service Defense Day 2022!<\/a><\/blockquote><iframe sandbox=\"allow-scripts\" security=\"restricted\" src=\"https:\/\/sme-d.se\/en\/2022\/06\/mojlighet-att-exponeras-pa-tjansteforsvarsdagen-2022\/embed\/#?secret=F0Xh2wuAD4\" width=\"600\" height=\"338\" title=\"\u201cOpportunity to be exposed on Service Defense Day 2022!\u201d \u2014 SME-D\" data-secret=\"F0Xh2wuAD4\" frameborder=\"0\" marginwidth=\"0\" marginheight=\"0\" scrolling=\"no\" class=\"wp-embedded-content\"><\/iframe><script type=\"text\/javascript\">\n\/* <![CDATA[ *\/\n\/*! This file is auto-generated *\/\n!function(d,l){\"use strict\";l.querySelector&&d.addEventListener&&\"undefined\"!=typeof URL&&(d.wp=d.wp||{},d.wp.receiveEmbedMessage||(d.wp.receiveEmbedMessage=function(e){var t=e.data;if((t||t.secret||t.message||t.value)&&!\/[^a-zA-Z0-9]\/.test(t.secret)){for(var s,r,n,a=l.querySelectorAll('iframe[data-secret=\"'+t.secret+'\"]'),o=l.querySelectorAll('blockquote[data-secret=\"'+t.secret+'\"]'),c=new RegExp(\"^https?:$\",\"i\"),i=0;i<o.length;i++)o[i].style.display=\"none\";for(i=0;i<a.length;i++)s=a[i],e.source===s.contentWindow&&(s.removeAttribute(\"style\"),\"height\"===t.message?(1e3<(r=parseInt(t.value,10))?r=1e3:~~r<200&&(r=200),s.height=r):\"link\"===t.message&&(r=new URL(s.getAttribute(\"src\")),n=new URL(t.value),c.test(n.protocol))&&n.host===r.host&&l.activeElement===s&&(d.top.location.href=t.value))}},d.addEventListener(\"message\",d.wp.receiveEmbedMessage,!1),l.addEventListener(\"DOMContentLoaded\",function(){for(var e,t,s=l.querySelectorAll(\"iframe.wp-embedded-content\"),r=0;r<s.length;r++)(t=(e=s[r]).getAttribute(\"data-secret\"))||(t=Math.random().toString(36).substring(2,12),e.src+=\"#?secret=\"+t,e.setAttribute(\"data-secret\",t)),e.contentWindow.postMessage({message:\"ready\",secret:t},\"*\")},!1)))}(window,document);\n\/\/# sourceURL=https:\/\/sme-d.se\/wp-includes\/js\/wp-embed.min.js\n\/* ]]> *\/\n<\/script>","description":"Tj\u00e4nstef\u00f6rsvarsdagen g\u00e5r av stapeln 18\/10 och temat kommer att snurra runt tillv\u00e4xt i \u201dkris och krig\/hur hj\u00e4lps vi \u00e5t i en forcerad tillv\u00e4xt\u201d, med fokus p\u00e5 tj\u00e4nster. Vi s\u00f6ker nu medlemsf\u00f6retag som \u00e4r intresserade av att vara med p\u00e5 scen och delta i panelsamtal. Man \u00e4r med d\u00e4r som representant f\u00f6r alla oss SME-D:are men [&hellip;]"}

Möjlighet att exponeras på Tjänsteförsvarsdagen 2022! - SME-D

Tjänsteförsvarsdagen går av stapeln 18/10 och temat kommer att snurra runt tillväxt i ”kris och krig/hur hjälps vi åt i en forcerad tillväxt”, med fokus på tjänster. Vi söker nu medlemsföretag som är intresserade av att vara med på scen och delta i panelsamtal. Man är med där som representant för alla oss SME-D:are men [&hellip;]
